 the prime factors of t(a)?
2, 7
Suppose 0 = -7*x + 13*x. What are the prime factors of (0 + 4 + x)*101/2?
2, 101
Let i(o) = 15*o**2 - 12*o + 6. Let c(p) = 5*p**2 - 4*p + 2. Let r(q) = -8*c(q) + 3*i(q). Let f be r(2). What are the prime factors of (-9)/(-18) + f/4?
2
Suppose 6*u + 263 = 1913. List the prime factors of u.
5, 11
Suppose 3*p - 63 = -0*t + 5*t, -3*t = 2*p + 34. Let x be -9*4/t - -87. Suppose -4*a = a - x. What are the prime factors of a?
2, 3
Let h = 8672 + -13247. Let k be -4*(h/20)/(-5). What are the prime factors of 6 + -3 - k/3?
2
Let m(f) = -7*f - 15. Let x(d) = 14*d + 29. Let v(h) = 13*m(h) + 6*x(h). List the prime factors of v(-8).
5, 7
Let c(n) = n**3 + 12*n**2 - 5*n + 10. Let d be c(-13). Let a = d - -157. List the prime factors of a.
3, 7
Suppose -2*r + v + 726 = -67, 3*r = -2*v + 1172. What are the prime factors of r?
2, 197
Let r = -12 - -19. Let j = r + -2. Let d = j - -10. List the prime factors of d.
3, 5
Suppose -2*c = -0*c - 8. Suppose c*y + 4*k = 0, 5*y + 2*k = 5*k. Suppose -2*j + 83 = -y*l - 3*l, 40 = j - 3*l. What are the prime factors of j?
43
Let r = 1316 + 704. What are the prime factors of r?
2, 5, 101
Suppose 0 = i + 5*v - 1363 + 182, -5*i + 5935 = -5*v. List the prime factors of i.
2, 593
Let s(n) = 5*n**2 + 8*n. Let o(w) = -14*w**2 - 24*w - 1. Let z(q) = 6*o(q) + 17*s(q). Let j be z(5). List the prime factors of (-2)/4*(j - 9).
3, 5
What are the prime factors of 40/48*6 - -960?
5, 193
Suppose -a + 10 = 3*w - 2, 4*a + 2 = -2*w. Let y(z) = -z**2 + 7*z - 10. Let d be y(w). Let p = 8 + d. What are the prime factors of p?
2
Let f be 3/(-1) - (1 - 3). What are the prime factors of (2/(-3 - f))/((-3)/261)?
3, 29
Let z(d) = d**2. Let t(j) = 4*j**3 + 9*j**2 - 4*j + 3. Let l(b) = t(b) - 6*z(b). What are the prime factors of l(2)?
3, 13
Let y(s) = -3*s - 6 - 2*s**2 + 6 - 2*s - 17*s**3 - 1. Let h be y(-2). Suppose -4*n + h = -5*a - 89, 2*n + 4*a - 126 = 0. List the prime factors of n.
59
List the prime factors of 0/(-6 + -1) - (-2 - 95).
97
Let f(p) = 66*p + 5. Let q be f(2). Let g = q + -61. Let l = g - 27. List the prime factors of l.
7
Let s = -18 - -25. Let w = s - 5. Suppose -3*x = -3*j - 78, -4*x + x - w*j = -58. What are the prime factors of x?
2, 11
Let q(h) = 2*h**3 - 3*h**2 - 3*h - h**3 - 2*h**3 - 4. Suppose 0 = 2*o - 4*o - 8. List the prime factors of q(o).
2, 3
Suppose 4*o = 0, -5*m = -o - 4908 - 9642. What are the prime factors of m?
2, 3, 5, 97
Let z(b) = -b**2 - 4*b - 5. Let c be z(-3). Let g = 103 + -27. List the prime factors of 3/c + g/8.
2
What are the prime factors of (-6 - -962)/(-5 + 7)?
2, 239
Let h(b) = b - 2. Let z be h(-2). What are the prime factors of 1 - (z + 2)*(-429)/(-6)?
2, 3
Let n = -9057 + 13560. What are the prime factors of n?
3, 19, 79
Let r = 6 + -6. Suppose r = 3*q - t + 23, -q = q - 3*t + 27. Let i(a) = a**2 + 3*a + 4. List the prime factors of i(q).
2, 11
Let c be ((-8)/20)/(10/(-25)). Suppose 3 + c = -2*q. Let x(z) = -5*z**3 + z - 2. What are the prime factors of x(q)?
2, 3
Let s(f) = f**2 - 7*f - 14. Let q be (8/(-12))/(4/(-120)). Suppose 5*l + 3*t - 50 = t, 0 = -2*l + 4*t + q. What are the prime factors of s(l)?
2
Let b(p) = -p**2 + 100*p - 207. List the prime factors of b(24).
3, 7, 11
Let a = 137 - 95. Let r(z) = 7*z + 26. Let m be r(-3). Suppose -m = g - a. What are the prime factors of g?
37
List the prime factors of (-4)/(-32) + (-6679)/(-8).
5, 167
Let y(q) = -q**3 + q + 98. Let c be y(0). Suppose r + c = 3*r + 5*h, -2*r - 2*h + 104 = 0. List the prime factors of r.
2, 3
Let i = -22 - -27. Suppose 2*c + 3*a - 177 = 0, 4*c + i*a = -0*a + 351. List the prime factors of c.
2, 3, 7
Let a(q) = -80*q - 23. Let z be a(10). What are the prime factors of z/(-11) - 8/(-44)?
3, 5
Let k = 786 - 438. List the prime factors of k.
2, 3, 29
Suppose -15*f + 885 = -12*f. List the prime factors of f.
5, 59
Suppose -3*w + 2*w = -41. Let a be w/(-3) + (-8)/(-12). Let r = 15 - a. What are the prime factors of r?
2, 7
Suppose -2*v + 0 + 6 = 0. Let l(r) = 9*r - 16*r**2 - 2*r**3 + v*r**3 + 8*r**2 + 3. What are the prime factors of l(7)?
17
Let r(b) = -4*b**3 - 3*b**2 - 7*b - 6. What are the prime factors of r(-6)?
2, 3, 11
What are the prime factors of 14/(13 - 6) + 51?
53
Suppose -3*j = -2*r - 3073, -r + 3323 = 5*j - 1790. List the prime factors of j.
3, 11, 31
Let m = -22 + 19. What are the prime factors of (0/m - -1)*0 - -110?
2, 5, 11
Suppose 0 = -a + 2*q + 876, -4*a + 4*q + 16 = -3476. List the prime factors of a.
2, 3, 5, 29
Suppose -3*m + 56 + 127 = 0. Suppose -m*k + 57*k + 204 = 0. List the prime factors of k.
3, 17
Let t be (6/3)/(2/(-33)). Let f be ((-77)/t)/(2/36). Suppose 3*m = m + f. What are the prime factors of m?
3, 7
Let x be 9/(-15) - ((-15488)/(-40))/(-2). Let s(t) = -35*t + 5. Let k be s(4). Let g = x + k. What are the prime factors of g?
2, 29
Let p(i) = i**3 + 3*i**2 - 36*i + 218. List the prime factors of p(12).
2, 7, 139
Let z be -9 - 3*3/9. Let x = -11 - z. What are the prime factors of -2*((-51)/(-6))/x?
17
Let g = -999 + 6513. What are the prime factors of g?
2, 3, 919
Suppose w = 4*c - 451, 0 = -5*c - 5*w + 860 - 315. Let f = c + 48. List the prime factors of f.
2, 5
Let g be (24/(-36))/((-1)/219). Suppose 5*b - 334 = 3*y, 5*b - 3*b = -5*y + g. What are the prime factors of b?
2, 17
Suppose 0 = 4*v - 1264 - 316. List the prime factors of v.
5, 79
Let r(f) = f**3 + 8*f**2 - 6*f - 12. Let b be r(-8). Suppose 5*y + b = 4*n - 2*n, 20 = 5*n + 5*y. List the prime factors of (-134)/(-8) - 6/n.
2
Suppose 2959 = 2*w + q, 5*w - 9*w - q + 5921 = 0. What are the prime factors of w?
1481
Let z be 36*(-25)/(-20)*2. Suppose -n + z = -0*n. What are the prime factors of n?
2, 3, 5
Let k = -613 - -1204. What are the prime factors of k?
3, 197
Suppose 7*i = 9*i + 4*w - 106, 5*i - 243 = w. Let f be 448/5 + (-2)/(-5). Let k = f - i. What are the prime factors of k?
41
Let d(b) = -4 - 47*b**2 - 4 + 49*b**2 - 3*b. List the prime factors of d(-6).
2, 41
Suppose -3*z + 2*s = -5512, 3*z + 4*s = -515 + 6015. What are the prime factors of z?
2, 3, 17
Let g = -22 + 24. Suppose -g*v + 4 = -v. List the prime factors of v.
2
Let g(t) = -t**2 - 6*t + 12. Let c(w) = 1. Let h(z) = -2*c(z) + g(z). Let n be h(-7). List the prime factors of 0/2 + 36/n.
2, 3
Let v(w) = 4*w**2 + 24*w + 90. List the prime factors of v(-12).
2, 3, 7
Let b = 19 - 7. Suppose b*g - 802 = 1274. List the prime factors of g.
173
Suppose 20 = 4*w, 4*d = -w + 5*w - 40. List the prime factors of (d + 158/(-6))/((-2)/6).
2, 47
Let x(n) = n**2 + 5*n + 1. Let c be x(-4). List the prime factors of ((-142)/c)/((-2)/(-3)).
71
List the prime factors of (-90)/(6 + 276/(-45)).
3, 5
Suppose -10396 = -5*m + 4*v, 4*m + 22*v = 18*v + 8324. List the prime factors of m.
2, 5, 13
List the prime factors of 880 + ((-1)/(-6) - 29/(-6)).
3, 5, 59
Let r(m) be the first derivative of m**3/3 + 21*m**2/2 + 62*m + 19. List the prime factors of r(-27).
2, 7
Let g be 0 + -8 - 14/(-14). Let t = -7 - g. Suppose 4*k + q = -t*k + 109, -58 = -3*k + 4*q. List the prime factors of k.
2, 13
Let n = 12 + -24. Let u(q) = -7*q - 6. Let i be u(n). List the prime factors of i/4 - (-3)/(-6).
19
What are the prime factors of (-4)/(-10) + (-22052)/(-20)?
1103
Let o be (-1)/(-2)*(-24)/12. Let i(h) = 29*h**2 + h. What are the prime factors of i(o)?
2, 7
Let o = -186 - -314. Suppose 3*z - z = o. What are the prime factors of z?
2
Let c(z) = 45*z + 4. Let u be c(-6). Let h = u - -382. Let l = h - 39. What are the prime factors of l?
7, 11
What are the prime factors of (-504)/6*-1 - -6?
2, 3, 5
Let q be -2 + -3 + 0 + 4. Let l(i) = 54*i**2 + i + 1. List the prime factors of l(q).
2, 3
Suppose 5*c = -25 + 5. Let u(d) = -9*d - 16. Let q be u(c). Suppose h = -3*h - q, -4*f + 89 = 3*h. List the prime factors of f.
2, 13
Let f be 1/2*4 - -2. Let l be (4*-2)/(5 - 6) + -3. Suppose -l*m = -u + 4*u - 94, -f*u = -m - 110. List the prime factors of u.
2, 7
Suppose 0 = p - 31 + 19. List the prime factors of -2 - (16/p)/((-2)/141).
2, 23
Let h(j) = 72*j**2 + 67*j + 353. List the prime factors of h(-6).
2543
Let q(z) = 798*z**2 - 10*z - 9. What are the prime factors of q(-1)?
17, 47
Suppose 3*g + 71 = -4*i, g - 23 = 5*i - 3*i. Let r = 19 + i. Suppose -3*j - 4 = -r*j. List the prime fact